{"id":4590,"date":"2023-08-17T00:29:40","date_gmt":"2023-08-16T21:29:40","guid":{"rendered":"http:\/\/momentumakademi.net\/?page_id=4590"},"modified":"2025-07-27T12:00:35","modified_gmt":"2025-07-27T09:00:35","slug":"bize_katilin","status":"publish","type":"page","link":"https:\/\/momentumakademi.net\/?page_id=4590","title":{"rendered":"B\u0130ZE KATILIN"},"content":{"rendered":"\t\t<div data-elementor-type=\"wp-page\" data-elementor-id=\"4590\" class=\"elementor elementor-4590\" data-elementor-post-type=\"page\">\n\t\t\t\t\t\t<section class=\"elementor-section elementor-top-section elementor-element elementor-element-e3cab58 elementor-section-boxed elementor-section-height-default elementor-section-height-default\" data-id=\"e3cab58\" data-element_type=\"section\">\n\t\t\t\t\t\t<div class=\"elementor-container elementor-column-gap-default\">\n\t\t\t\t\t<div class=\"elementor-column elementor-col-100 elementor-top-column elementor-element elementor-element-9483b5a\" data-id=\"9483b5a\" data-element_type=\"column\">\n\t\t\t<div class=\"elementor-widget-wrap elementor-element-populated\">\n\t\t\t\t\t\t<div class=\"elementor-element elementor-element-ce4623e elementor-widget elementor-widget-spacer\" data-id=\"ce4623e\" data-element_type=\"widget\" data-widget_type=\"spacer.default\">\n\t\t\t\t<div class=\"elementor-widget-container\">\n\t\t\t<style>\/*! elementor - v3.20.0 - 26-03-2024 *\/\n.elementor-column .elementor-spacer-inner{height:var(--spacer-size)}.e-con{--container-widget-width:100%}.e-con-inner>.elementor-widget-spacer,.e-con>.elementor-widget-spacer{width:var(--container-widget-width,var(--spacer-size));--align-self:var(--container-widget-align-self,initial);--flex-shrink:0}.e-con-inner>.elementor-widget-spacer>.elementor-widget-container,.e-con>.elementor-widget-spacer>.elementor-widget-container{height:100%;width:100%}.e-con-inner>.elementor-widget-spacer>.elementor-widget-container>.elementor-spacer,.e-con>.elementor-widget-spacer>.elementor-widget-container>.elementor-spacer{height:100%}.e-con-inner>.elementor-widget-spacer>.elementor-widget-container>.elementor-spacer>.elementor-spacer-inner,.e-con>.elementor-widget-spacer>.elementor-widget-container>.elementor-spacer>.elementor-spacer-inner{height:var(--container-widget-height,var(--spacer-size))}.e-con-inner>.elementor-widget-spacer.elementor-widget-empty,.e-con>.elementor-widget-spacer.elementor-widget-empty{position:relative;min-height:22px;min-width:22px}.e-con-inner>.elementor-widget-spacer.elementor-widget-empty .elementor-widget-empty-icon,.e-con>.elementor-widget-spacer.elementor-widget-empty .elementor-widget-empty-icon{position:absolute;top:0;bottom:0;left:0;right:0;margin:auto;padding:0;width:22px;height:22px}<\/style>\t\t<div class=\"elementor-spacer\">\n\t\t\t<div class=\"elementor-spacer-inner\"><\/div>\n\t\t<\/div>\n\t\t\t\t<\/div>\n\t\t\t\t<\/div>\n\t\t\t\t\t<\/div>\n\t\t<\/div>\n\t\t\t\t\t<\/div>\n\t\t<\/section>\n\t\t\t\t<section class=\"elementor-section elementor-top-section elementor-element elementor-element-8aac3dc elementor-section-boxed elementor-section-height-default elementor-section-height-default\" data-id=\"8aac3dc\" data-element_type=\"section\">\n\t\t\t\t\t\t<div class=\"elementor-container elementor-column-gap-default\">\n\t\t\t\t\t<div class=\"elementor-column elementor-col-100 elementor-top-column elementor-element elementor-element-e8b6864\" data-id=\"e8b6864\" data-element_type=\"column\">\n\t\t\t<div class=\"elementor-widget-wrap elementor-element-populated\">\n\t\t\t\t\t\t<div class=\"elementor-element elementor-element-2d532a9 elementor-widget elementor-widget-heading\" data-id=\"2d532a9\" data-element_type=\"widget\" data-widget_type=\"heading.default\">\n\t\t\t\t<div class=\"elementor-widget-container\">\n\t\t\t<style>\/*! elementor - v3.20.0 - 26-03-2024 *\/\n.elementor-heading-title{padding:0;margin:0;line-height:1}.elementor-widget-heading .elementor-heading-title[class*=elementor-size-]>a{color:inherit;font-size:inherit;line-height:inherit}.elementor-widget-heading .elementor-heading-title.elementor-size-small{font-size:15px}.elementor-widget-heading .elementor-heading-title.elementor-size-medium{font-size:19px}.elementor-widget-heading .elementor-heading-title.elementor-size-large{font-size:29px}.elementor-widget-heading .elementor-heading-title.elementor-size-xl{font-size:39px}.elementor-widget-heading .elementor-heading-title.elementor-size-xxl{font-size:59px}<\/style><h2 class=\"elementor-heading-title elementor-size-default\">B\u0130ZE KATILIN<\/h2>\t\t<\/div>\n\t\t\t\t<\/div>\n\t\t\t\t\t<\/div>\n\t\t<\/div>\n\t\t\t\t\t<\/div>\n\t\t<\/section>\n\t\t\t\t<section class=\"elementor-section elementor-top-section elementor-element elementor-element-03d5ece elementor-section-boxed elementor-section-height-default elementor-section-height-default\" data-id=\"03d5ece\" data-element_type=\"section\">\n\t\t\t\t\t\t<div class=\"elementor-container elementor-column-gap-default\">\n\t\t\t\t\t<div class=\"elementor-column elementor-col-100 elementor-top-column elementor-element elementor-element-a2a371f\" data-id=\"a2a371f\" data-element_type=\"column\">\n\t\t\t<div class=\"elementor-widget-wrap elementor-element-populated\">\n\t\t\t\t\t\t<section class=\"elementor-section elementor-inner-section elementor-element elementor-element-d7231ab elementor-section-boxed elementor-section-height-default elementor-section-height-default\" data-id=\"d7231ab\" data-element_type=\"section\">\n\t\t\t\t\t\t<div class=\"elementor-container elementor-column-gap-default\">\n\t\t\t\t\t<div class=\"elementor-column elementor-col-100 elementor-inner-column elementor-element elementor-element-9707142\" data-id=\"9707142\" data-element_type=\"column\">\n\t\t\t<div class=\"elementor-widget-wrap\">\n\t\t\t\t\t\t\t<\/div>\n\t\t<\/div>\n\t\t\t\t\t<\/div>\n\t\t<\/section>\n\t\t\t\t<div class=\"elementor-element elementor-element-e311d23 elementor-widget elementor-widget-spacer\" data-id=\"e311d23\" data-element_type=\"widget\" data-widget_type=\"spacer.default\">\n\t\t\t\t<div class=\"elementor-widget-container\">\n\t\t\t\t\t<div class=\"elementor-spacer\">\n\t\t\t<div class=\"elementor-spacer-inner\"><\/div>\n\t\t<\/div>\n\t\t\t\t<\/div>\n\t\t\t\t<\/div>\n\t\t\t\t<div class=\"elementor-element elementor-element-6e24414 elementor-widget elementor-widget-heading\" data-id=\"6e24414\" data-element_type=\"widget\" data-widget_type=\"heading.default\">\n\t\t\t\t<div class=\"elementor-widget-container\">\n\t\t\t<h2 class=\"elementor-heading-title elementor-size-default\">Ba\u015fvuru Formu<\/h2>\t\t<\/div>\n\t\t\t\t<\/div>\n\t\t\t\t<div class=\"elementor-element elementor-element-d4ae783 elementor-widget-mobile__width-initial elementor-widget elementor-widget-shortcode\" data-id=\"d4ae783\" data-element_type=\"widget\" data-widget_type=\"shortcode.default\">\n\t\t\t\t<div class=\"elementor-widget-container\">\n\t\t\t\t\t<div class=\"elementor-shortcode\"><div class='formcraftbasic-css' style='margin-left: 0px; width: fit-content'><form ondrop=\"drop(event)\" ondragover=\"allowDrop(event)\" dnd-list=\"Builder.FormElements\" data-id=\"1\" class=\"fcb_form align- frame-visible\" style=\"width: 380px; background-color: ; color: #666666; font-size: 100%\"><!-- ngRepeat: element in Builder.FormElements --><div ng-class-odd=\"'odd'\" ng-class=\"[&quot;form-element&quot;, &quot;form-element-&quot;+element.elementDefaults.identifier, &quot;options-&quot;+element.show_options, &quot;index-&quot;+element.show_options]\" ng-class-even=\"'even'\" ng-repeat=\"element in Builder.FormElements\" index=\"0\" style=\"width: 100%\" class=\"ng-scope odd form-element form-element-field1 options-false index-false\"><span class=\"error\"><\/span><div ng-click=\"element.show_options = !element.show_options\" class=\"form-element-html\" compile=\"element.element\"><div compile=\"fieldHTMLTemplate.oneLineText\" class=\"ng-scope\"><div class=\"oneLineText-cover field-cover ng-scope\"><span class=\"ng-binding\">Ad\u0131n\u0131z Soyad\u0131n\u0131z<\/span><div ng-click=\"$event.stopPropagation()\"><input type=\"text\" name=\"field1\" data-min-char=\"\" data-max-char=\"\" data-val-type=\"\" data-is-required=\"true\" data-allow-spaces=\"true\" class=\"validation-lenient\"><\/div><\/div><\/div><\/div><\/div><!-- end ngRepeat: element in Builder.FormElements --><div ng-class-odd=\"'odd'\" ng-class=\"[&quot;form-element&quot;, &quot;form-element-&quot;+element.elementDefaults.identifier, &quot;options-&quot;+element.show_options, &quot;index-&quot;+element.show_options]\" ng-class-even=\"'even'\" ng-repeat=\"element in Builder.FormElements\" index=\"1\" style=\"width: 100%\" class=\"ng-scope even form-element form-element-field2 options-false index-false\"><span class=\"error\"><\/span><div ng-click=\"element.show_options = !element.show_options\" class=\"form-element-html\" compile=\"element.element\"><div compile=\"fieldHTMLTemplate.email\" class=\"ng-scope\"><div class=\"email-cover field-cover ng-scope\"><span class=\"ng-binding\">E-posta Adresiniz<\/span><div ng-click=\"$event.stopPropagation()\"><input type=\"text\" data-val-type=\"email\" data-is-required=\"true\" name=\"field2\" class=\"validation-lenient\"><\/div><\/div><\/div><\/div><\/div><!-- end ngRepeat: element in Builder.FormElements --><div ng-class-odd=\"'odd'\" ng-class=\"[&quot;form-element&quot;, &quot;form-element-&quot;+element.elementDefaults.identifier, &quot;options-&quot;+element.show_options, &quot;index-&quot;+element.show_options]\" ng-class-even=\"'even'\" ng-repeat=\"element in Builder.FormElements\" index=\"2\" style=\"width: 100%\" class=\"ng-scope odd form-element form-element-field3 options-false index-false\"><span class=\"error\"><\/span><div ng-click=\"element.show_options = !element.show_options\" class=\"form-element-html\" compile=\"element.element\"><div compile=\"fieldHTMLTemplate.oneLineText\" class=\"ng-scope\"><div class=\"oneLineText-cover field-cover ng-scope\"><span class=\"ng-binding\">Telefon Numaran\u0131z<\/span><div ng-click=\"$event.stopPropagation()\"><input type=\"text\" name=\"field3\" data-min-char=\"\" data-max-char=\"\" data-val-type=\"numbers\" data-is-required=\"true\" data-allow-spaces=\"true\" class=\"validation-lenient\"><\/div><\/div><\/div><\/div><\/div><!-- end ngRepeat: element in Builder.FormElements --><div ng-class-odd=\"'odd'\" ng-class=\"[&quot;form-element&quot;, &quot;form-element-&quot;+element.elementDefaults.identifier, &quot;options-&quot;+element.show_options, &quot;index-&quot;+element.show_options]\" ng-class-even=\"'even'\" ng-repeat=\"element in Builder.FormElements\" index=\"3\" style=\"width: 100%\" class=\"ng-scope even form-element form-element-field4 options-false index-false\"><span class=\"error\"><\/span><div ng-click=\"element.show_options = !element.show_options\" class=\"form-element-html\" compile=\"element.element\"><div compile=\"fieldHTMLTemplate.dropdown\" class=\"ng-scope\"><div class=\"dropdown-cover field-cover ng-scope\"><span class=\"ng-binding\">YKS Alan\u0131n\u0131z<\/span><div ng-click=\"$event.stopPropagation()\"><select data-is-required=\"true\" class=\"validation-lenient\" name=\"field4\"><!-- ngRepeat: opt in element.elementDefaults.options_list_show --><option value=\"\" ng-repeat=\"opt in element.elementDefaults.options_list_show\" class=\"ng-binding ng-scope\"><\/option><!-- end ngRepeat: opt in element.elementDefaults.options_list_show --><option value=\"SAY\" ng-repeat=\"opt in element.elementDefaults.options_list_show\" class=\"ng-binding ng-scope\">SAY<\/option><!-- end ngRepeat: opt in element.elementDefaults.options_list_show --><option value=\"EA\" ng-repeat=\"opt in element.elementDefaults.options_list_show\" class=\"ng-binding ng-scope\">EA<\/option><!-- end ngRepeat: opt in element.elementDefaults.options_list_show --><option value=\"S\u00d6Z\" ng-repeat=\"opt in element.elementDefaults.options_list_show\" class=\"ng-binding ng-scope\">S\u00d6Z<\/option><!-- end ngRepeat: opt in element.elementDefaults.options_list_show --><option value=\"D\u0130L\" ng-repeat=\"opt in element.elementDefaults.options_list_show\" class=\"ng-binding ng-scope\">D\u0130L<\/option><!-- end ngRepeat: opt in element.elementDefaults.options_list_show --><\/select><\/div><\/div><\/div><\/div><\/div><!-- end ngRepeat: element in Builder.FormElements --><div ng-class-odd=\"'odd'\" ng-class=\"[&quot;form-element&quot;, &quot;form-element-&quot;+element.elementDefaults.identifier, &quot;options-&quot;+element.show_options, &quot;index-&quot;+element.show_options]\" ng-class-even=\"'even'\" ng-repeat=\"element in Builder.FormElements\" index=\"4\" style=\"width: 100%\" class=\"ng-scope odd form-element form-element-field5 options-false index-false\"><span class=\"error\"><\/span><div ng-click=\"element.show_options = !element.show_options\" class=\"form-element-html\" compile=\"element.element\"><div compile=\"fieldHTMLTemplate.oneLineText\" class=\"ng-scope\"><div class=\"oneLineText-cover field-cover ng-scope\"><span class=\"ng-binding\">\u00dcniversite Yerle\u015fme Seneniz<\/span><div ng-click=\"$event.stopPropagation()\"><input type=\"text\" name=\"field5\" data-min-char=\"\" data-max-char=\"\" data-val-type=\"numbers\" data-is-required=\"true\" data-allow-spaces=\"true\" class=\"validation-lenient\"><\/div><\/div><\/div><\/div><\/div><!-- end ngRepeat: element in Builder.FormElements --><div ng-class-odd=\"'odd'\" ng-class=\"[&quot;form-element&quot;, &quot;form-element-&quot;+element.elementDefaults.identifier, &quot;options-&quot;+element.show_options, &quot;index-&quot;+element.show_options]\" ng-class-even=\"'even'\" ng-repeat=\"element in Builder.FormElements\" index=\"5\" style=\"width: 100%\" class=\"ng-scope even form-element form-element-field6 options-false index-false\"><span class=\"error\"><\/span><div ng-click=\"element.show_options = !element.show_options\" class=\"form-element-html\" compile=\"element.element\"><div compile=\"fieldHTMLTemplate.oneLineText\" class=\"ng-scope\"><div class=\"oneLineText-cover field-cover ng-scope\"><span class=\"ng-binding\">YKS S\u0131ralaman\u0131z<\/span><div ng-click=\"$event.stopPropagation()\"><input type=\"text\" name=\"field6\" data-min-char=\"\" data-max-char=\"\" data-val-type=\"numbers\" data-is-required=\"true\" data-allow-spaces=\"\" class=\"validation-lenient\"><\/div><\/div><\/div><\/div><\/div><!-- end ngRepeat: element in Builder.FormElements --><div ng-class-odd=\"'odd'\" ng-class=\"[&quot;form-element&quot;, &quot;form-element-&quot;+element.elementDefaults.identifier, &quot;options-&quot;+element.show_options, &quot;index-&quot;+element.show_options]\" ng-class-even=\"'even'\" ng-repeat=\"element in Builder.FormElements\" index=\"6\" style=\"width: 100%\" class=\"ng-scope odd form-element form-element-field7 options-false index-false\"><span class=\"error\"><\/span><div ng-click=\"element.show_options = !element.show_options\" class=\"form-element-html\" compile=\"element.element\"><div compile=\"fieldHTMLTemplate.oneLineText\" class=\"ng-scope\"><div class=\"oneLineText-cover field-cover ng-scope\"><span class=\"ng-binding\">\u00dcniversiteniz<\/span><div ng-click=\"$event.stopPropagation()\"><input type=\"text\" name=\"field7\" data-min-char=\"\" data-max-char=\"\" data-val-type=\"\" data-is-required=\"true\" data-allow-spaces=\"true\" class=\"validation-lenient\"><\/div><\/div><\/div><\/div><\/div><!-- end ngRepeat: element in Builder.FormElements --><div ng-class-odd=\"'odd'\" ng-class=\"[&quot;form-element&quot;, &quot;form-element-&quot;+element.elementDefaults.identifier, &quot;options-&quot;+element.show_options, &quot;index-&quot;+element.show_options]\" ng-class-even=\"'even'\" ng-repeat=\"element in Builder.FormElements\" index=\"7\" style=\"width: 100%\" class=\"ng-scope even form-element form-element-field8 options-false index-false\"><span class=\"error\"><\/span><div ng-click=\"element.show_options = !element.show_options\" class=\"form-element-html\" compile=\"element.element\"><div compile=\"fieldHTMLTemplate.oneLineText\" class=\"ng-scope\"><div class=\"oneLineText-cover field-cover ng-scope\"><span class=\"ng-binding\">B\u00f6l\u00fcm\u00fcn\u00fcz<\/span><div ng-click=\"$event.stopPropagation()\"><input type=\"text\" name=\"field8\" data-min-char=\"\" data-max-char=\"\" data-val-type=\"\" data-is-required=\"true\" data-allow-spaces=\"true\" class=\"validation-lenient\"><\/div><\/div><\/div><\/div><\/div><!-- end ngRepeat: element in Builder.FormElements --><div ng-class-odd=\"'odd'\" ng-class=\"[&quot;form-element&quot;, &quot;form-element-&quot;+element.elementDefaults.identifier, &quot;options-&quot;+element.show_options, &quot;index-&quot;+element.show_options]\" ng-class-even=\"'even'\" ng-repeat=\"element in Builder.FormElements\" index=\"8\" style=\"width: 100%\" class=\"ng-scope odd form-element form-element-field9 options-false index-false\"><span class=\"error\"><\/span><div ng-click=\"element.show_options = !element.show_options\" class=\"form-element-html\" compile=\"element.element\"><div compile=\"fieldHTMLTemplate.dropdown\" class=\"ng-scope\"><div class=\"dropdown-cover field-cover ng-scope\"><span class=\"ng-binding\">S\u0131n\u0131f\u0131n\u0131z<\/span><div ng-click=\"$event.stopPropagation()\"><select data-is-required=\"true\" class=\"validation-lenient\" name=\"field9\"><!-- ngRepeat: opt in element.elementDefaults.options_list_show --><option value=\"\" ng-repeat=\"opt in element.elementDefaults.options_list_show\" class=\"ng-binding ng-scope\"><\/option><!-- end ngRepeat: opt in element.elementDefaults.options_list_show --><option value=\"Haz\u0131rl\u0131k\" ng-repeat=\"opt in element.elementDefaults.options_list_show\" class=\"ng-binding ng-scope\">Haz\u0131rl\u0131k<\/option><!-- end ngRepeat: opt in element.elementDefaults.options_list_show --><option value=\"1\" ng-repeat=\"opt in element.elementDefaults.options_list_show\" class=\"ng-binding ng-scope\">1<\/option><!-- end ngRepeat: opt in element.elementDefaults.options_list_show --><option value=\"2\" ng-repeat=\"opt in element.elementDefaults.options_list_show\" class=\"ng-binding ng-scope\">2<\/option><!-- end ngRepeat: opt in element.elementDefaults.options_list_show --><option value=\"3\" ng-repeat=\"opt in element.elementDefaults.options_list_show\" class=\"ng-binding ng-scope\">3<\/option><!-- end ngRepeat: opt in element.elementDefaults.options_list_show --><option value=\"4\" ng-repeat=\"opt in element.elementDefaults.options_list_show\" class=\"ng-binding ng-scope\">4<\/option><!-- end ngRepeat: opt in element.elementDefaults.options_list_show --><option value=\"5\" ng-repeat=\"opt in element.elementDefaults.options_list_show\" class=\"ng-binding ng-scope\">5<\/option><!-- end ngRepeat: opt in element.elementDefaults.options_list_show --><option value=\"6\" ng-repeat=\"opt in element.elementDefaults.options_list_show\" class=\"ng-binding ng-scope\">6<\/option><!-- end ngRepeat: opt in element.elementDefaults.options_list_show --><\/select><\/div><\/div><\/div><\/div><\/div><!-- end ngRepeat: element in Builder.FormElements --><div ng-class-odd=\"'odd'\" ng-class=\"[&quot;form-element&quot;, &quot;form-element-&quot;+element.elementDefaults.identifier, &quot;options-&quot;+element.show_options, &quot;index-&quot;+element.show_options]\" ng-class-even=\"'even'\" ng-repeat=\"element in Builder.FormElements\" index=\"9\" style=\"width: 100%\" class=\"ng-scope even form-element form-element-field10 options-false index-false\"><span class=\"error\"><\/span><div ng-click=\"element.show_options = !element.show_options\" class=\"form-element-html\" compile=\"element.element\"><div compile=\"fieldHTMLTemplate.textarea\" class=\"ng-scope\"><div class=\"textarea-cover field-cover ng-scope\"><span class=\"ng-binding\">Eklemek \u0130stedikleriniz<\/span><div ng-click=\"$event.stopPropagation()\"><textarea class=\"validation-lenient\" name=\"field10\" value=\"\" rows=\"5\" data-min-char=\"\" data-max-char=\"\" data-is-required=\"false\"><\/textarea><\/div><\/div><\/div><\/div><\/div><!-- end ngRepeat: element in Builder.FormElements --><div ng-class-odd=\"'odd'\" ng-class=\"[&quot;form-element&quot;, &quot;form-element-&quot;+element.elementDefaults.identifier, &quot;options-&quot;+element.show_options, &quot;index-&quot;+element.show_options]\" ng-class-even=\"'even'\" ng-repeat=\"element in Builder.FormElements\" index=\"10\" style=\"width: 100%\" class=\"ng-scope odd form-element form-element-field13 options-false index-false\"><span class=\"error\"><\/span><div ng-click=\"element.show_options = !element.show_options\" class=\"form-element-html\" compile=\"element.element\"><div compile=\"fieldHTMLTemplate.customText\" class=\"ng-scope\"><div class=\"customText-cover field-cover ng-scope\"><div class=\"full\" compile=\"element.elementDefaults.html\" style=\"text-align: left; color: #666666\"><span class=\"ng-scope\">Ba\u015fvurduktan sonra 1 hafta i\u00e7inde mail ile geri d\u00f6n\u00fc\u015f yap\u0131lacakt\u0131r.<\/span><\/div><\/div><\/div><\/div><\/div><!-- end ngRepeat: element in Builder.FormElements --><div ng-class-odd=\"'odd'\" ng-class=\"[&quot;form-element&quot;, &quot;form-element-&quot;+element.elementDefaults.identifier, &quot;options-&quot;+element.show_options, &quot;index-&quot;+element.show_options]\" ng-class-even=\"'even'\" ng-repeat=\"element in Builder.FormElements\" index=\"11\" style=\"width: 100%\" class=\"ng-scope even form-element form-element-field11 options-false index-false\"><span class=\"error\"><\/span><div ng-click=\"element.show_options = !element.show_options\" class=\"form-element-html\" compile=\"element.element\"><div compile=\"fieldHTMLTemplate.submit\" class=\"ng-scope\"><div class=\"wide-false submit-cover field-cover\" style=\"text-align: center\"><button style=\"background-color: #eeeeee; color: #666666\" type=\"submit\" class=\"button submit-button\"><span class=\"text ng-binding\">G\u00d6NDER<\/span><span class=\"spin-cover\" style=\"border-color: #666666\"><\/span><\/button><\/div><div class=\"submit-response ng-scope\"><\/div><input type=\"text\" class=\"required_field ng-scope\" name=\"website\"><\/div><\/div><\/div><!-- end ngRepeat: element in Builder.FormElements --><\/form><\/div><\/div>\n\t\t\t\t<\/div>\n\t\t\t\t<\/div>\n\t\t\t\t\t<\/div>\n\t\t<\/div>\n\t\t\t\t\t<\/div>\n\t\t<\/section>\n\t\t\t\t<section class=\"elementor-section elementor-top-section elementor-element elementor-element-a9f4069 elementor-section-boxed elementor-section-height-default elementor-section-height-default\" data-id=\"a9f4069\" data-element_type=\"section\">\n\t\t\t\t\t\t<div class=\"elementor-container elementor-column-gap-default\">\n\t\t\t\t\t<div class=\"elementor-column elementor-col-100 elementor-top-column elementor-element elementor-element-2824ddf\" data-id=\"2824ddf\" data-element_type=\"column\">\n\t\t\t<div class=\"elementor-widget-wrap elementor-element-populated\">\n\t\t\t\t\t\t<div class=\"elementor-element elementor-element-9e4ab72 elementor-widget elementor-widget-spacer\" data-id=\"9e4ab72\" data-element_type=\"widget\" data-widget_type=\"spacer.default\">\n\t\t\t\t<div class=\"elementor-widget-container\">\n\t\t\t\t\t<div class=\"elementor-spacer\">\n\t\t\t<div class=\"elementor-spacer-inner\"><\/div>\n\t\t<\/div>\n\t\t\t\t<\/div>\n\t\t\t\t<\/div>\n\t\t\t\t\t<\/div>\n\t\t<\/div>\n\t\t\t\t\t<\/div>\n\t\t<\/section>\n\t\t\t\t<\/div>\n\t\t","protected":false},"excerpt":{"rendered":"<p>B\u0130ZE KATILIN Ba\u015fvuru Formu<\/p>\n","protected":false},"author":1,"featured_media":0,"parent":0,"menu_order":0,"comment_status":"closed","ping_status":"closed","template":"","meta":{"site-sidebar-layout":"no-sidebar","site-content-layout":"page-builder","ast-site-content-layout":"default","site-content-style":"default","site-sidebar-style":"default","ast-global-header-display":"","ast-banner-title-visibility":"","ast-main-header-display":"","ast-hfb-above-header-display":"","ast-hfb-below-header-display":"","ast-hfb-mobile-header-display":"","site-post-title":"disabled","ast-breadcrumbs-content":"","ast-featured-img":"disabled","footer-sml-layout":"","theme-transparent-header-meta":"","adv-header-id-meta":"","stick-header-meta":"","header-above-stick-meta":"","header-main-stick-meta":"","header-below-stick-meta":"","astra-migrate-meta-layouts":"set","ast-page-background-enabled":"default","ast-page-background-meta":{"desktop":{"background-color":"","background-image":"","background-repeat":"repeat","background-position":"center center","background-size":"auto","background-attachment":"scroll","background-type":"","background-media":"","overlay-type":"","overlay-color":"","overlay-gradient":""},"tablet":{"background-color":"","background-image":"","background-repeat":"repeat","background-position":"center center","background-size":"auto","background-attachment":"scroll","background-type":"","background-media":"","overlay-type":"","overlay-color":"","overlay-gradient":""},"mobile":{"background-color":"","background-image":"","background-repeat":"repeat","background-position":"center center","background-size":"auto","background-attachment":"scroll","background-type":"","background-media":"","overlay-type":"","overlay-color":"","overlay-gradient":""}},"ast-content-background-meta":{"desktop":{"background-color":"var(--ast-global-color-5)","background-image":"","background-repeat":"repeat","background-position":"center center","background-size":"auto","background-attachment":"scroll","background-type":"","background-media":"","overlay-type":"","overlay-color":"","overlay-gradient":""},"tablet":{"background-color":"var(--ast-global-color-5)","background-image":"","background-repeat":"repeat","background-position":"center center","background-size":"auto","background-attachment":"scroll","background-type":"","background-media":"","overlay-type":"","overlay-color":"","overlay-gradient":""},"mobile":{"background-color":"var(--ast-global-color-5)","background-image":"","background-repeat":"repeat","background-position":"center center","background-size":"auto","background-attachment":"scroll","background-type":"","background-media":"","overlay-type":"","overlay-color":"","overlay-gradient":""}},"_joinchat":[],"footnotes":""},"class_list":["post-4590","page","type-page","status-publish","hentry"],"_links":{"self":[{"href":"https:\/\/momentumakademi.net\/index.php?rest_route=\/wp\/v2\/pages\/4590","targetHints":{"allow":["GET"]}}],"collection":[{"href":"https:\/\/momentumakademi.net\/index.php?rest_route=\/wp\/v2\/pages"}],"about":[{"href":"https:\/\/momentumakademi.net\/index.php?rest_route=\/wp\/v2\/types\/page"}],"author":[{"embeddable":true,"href":"https:\/\/momentumakademi.net\/index.php?rest_route=\/wp\/v2\/users\/1"}],"replies":[{"embeddable":true,"href":"https:\/\/momentumakademi.net\/index.php?rest_route=%2Fwp%2Fv2%2Fcomments&post=4590"}],"version-history":[{"count":143,"href":"https:\/\/momentumakademi.net\/index.php?rest_route=\/wp\/v2\/pages\/4590\/revisions"}],"predecessor-version":[{"id":6122,"href":"https:\/\/momentumakademi.net\/index.php?rest_route=\/wp\/v2\/pages\/4590\/revisions\/6122"}],"wp:attachment":[{"href":"https:\/\/momentumakademi.net\/index.php?rest_route=%2Fwp%2Fv2%2Fmedia&parent=4590"}],"curies":[{"name":"wp","href":"https:\/\/api.w.org\/{rel}","templated":true}]}}